{"id":4094,"date":"2018-02-11T11:24:52","date_gmt":"2018-02-11T16:24:52","guid":{"rendered":"https:\/\/greylarsen.com\/shop\/?post_type=product&#038;p=4094"},"modified":"2020-08-28T21:29:09","modified_gmt":"2020-08-29T01:29:09","slug":"les-marionnettes-cds","status":"publish","type":"product","link":"https:\/\/greylarsen.com\/shop\/product\/les-marionnettes-cds\/","title":{"rendered":"Les Marionnettes  &#8211; CDs"},"content":{"rendered":"<p><a href='https:\/\/greylarsen.com\/media\/lib\/samples\/lesmarionnettes\/Rocky-Road-to-Dublin-Old-Drops-of-Brandy.mp3' class='klaudio'>1. The Rocky Road to Dublin\/Old Drops of Brandy<\/a> <a href=\"https:\/\/greylarsen.com\/shop\/product\/the-rocky-road-to-dublinold-drops-of-brandy\/\" target=\"_blank\" rel=\"noopener noreferrer\"><span style=\"color: #808000;\">Buy song<\/span><\/a><br \/>\n<a href='https:\/\/greylarsen.com\/media\/lib\/samples\/lesmarionnettes\/Le-Rossignol-dEte-My-Mind-Will-Never-Be-Easy.mp3' class='klaudio'>2. Le Rossignol d&#8217;\u00c9t\u00e9\/My Mind Will Never Be Easy<\/a> &#8211; <span style=\"color: #808000;\"><a style=\"color: #808000;\" href=\"https:\/\/greylarsen.com\/shop\/product\/le-rossignol-detemy-mind-will-never-be-easy\/\" target=\"_blank\" rel=\"noopener noreferrer\">Buy song<\/a><\/span><br \/>\n<a href='https:\/\/greylarsen.com\/media\/lib\/samples\/lesmarionnettes\/Les-Marionnettes.mp3' class='klaudio'>3. Les Marionnettes<\/a> &#8211; <a href=\"https:\/\/greylarsen.com\/shop\/product\/les-marionnettes-3\/\" target=\"_blank\" rel=\"noopener noreferrer\"><span style=\"color: #808000;\">Buy song<\/span><\/a><br \/>\n<a href='https:\/\/greylarsen.com\/media\/lib\/samples\/lesmarionnettes\/Exil-Old-Drops-of-Brandy-The-Old-Bush.mp3' class='klaudio'>4. Exil\/Old Drops of Brandy\/The Old Bush<\/a> &#8211; <a href=\"https:\/\/greylarsen.com\/shop\/product\/les-marionnettes-2\/\" target=\"_blank\" rel=\"noopener noreferrer\"><span style=\"color: #808000;\">Buy song<\/span><\/a><br \/>\n<a href='https:\/\/greylarsen.com\/media\/lib\/samples\/lesmarionnettes\/Ma-Mere-Donner-moi-z-un-Mari-The-Killavil-Schottische.mp3' class='klaudio'>5. Ma M\u00e8re, Donnez-moi z-un Mari (Le Po\u00e8le \u00e0 Fourneau)\/The Killavil Schottische<\/a> &#8211; <a href=\"https:\/\/greylarsen.com\/shop\/product\/ma-mere-donnez-moi-z-un-mari-le-poele-a-fourneauthe-killavil-schottische\/\" target=\"_blank\" rel=\"noopener noreferrer\"><span style=\"color: #808000;\">Buy song<\/span><\/a><br \/>\n<a href='https:\/\/greylarsen.com\/media\/lib\/samples\/lesmarionnettes\/Sorry-I-Am-John-Joe-Lynch-Canoe-in-the-Clouds.mp3' class='klaudio'>6. Sorry I Am (for What I Have Done, to Marry the Father Instead of the Son)\/John Joe Lynch\/Canoe in the Clouds<\/a> &#8211; <a href=\"https:\/\/greylarsen.com\/shop\/product\/sorry-i-am-for-what-i-have-done-to-marry-the-father-instead-of-the-son-john-joe-lynch-canoe-in-the-clouds\/\" target=\"_blank\" rel=\"noopener noreferrer\"><span style=\"color: #808000;\">Buy song<\/span><\/a><br \/>\n<a href='https:\/\/greylarsen.com\/media\/lib\/samples\/lesmarionnettes\/Betty-and-Beauty-Le-Petit-Coeur-en-Chocolat.mp3' class='klaudio'>7. Betty and Beauty\/Le Petit Coeur en Chocolat<\/a> &#8211; \u00a0<a href=\"https:\/\/greylarsen.com\/shop\/product\/betty-and-beautyle-petit-coeur-en-chocolat\/\" target=\"_blank\" rel=\"noopener noreferrer\"><span style=\"color: #808000;\">Buy song<\/span><\/a><br \/>\n<a href='https:\/\/greylarsen.com\/media\/lib\/samples\/lesmarionnettes\/Cest-par-un-Beau-Samedi-dEte-Bobbing-for-Apples.mp3' class='klaudio'>8. C&#8217;est par un Beau Samedi d\u00c9t\u00e9 \/Bobbing for Apples<\/a> &#8211; <a href=\"https:\/\/greylarsen.com\/shop\/product\/cest-par-un-beau-samedi-dete-bobbing-for-apples\/\" target=\"_blank\" rel=\"noopener noreferrer\"><span style=\"color: #808000;\">Buy song<\/span><\/a><br \/>\n<a href='https:\/\/greylarsen.com\/media\/lib\/samples\/lesmarionnettes\/Sweet-Dusty-Road.mp3' class='klaudio'>9. Sweet Dusty Road<\/a> &#8211; <span style=\"color: #808000;\"><a style=\"color: #808000;\" href=\"https:\/\/greylarsen.com\/shop\/product\/sweet-dusty-road\/\" target=\"_blank\" rel=\"noopener noreferrer\">Buy song<\/a><\/span><\/p>\n<p><span style=\"color: #000080;\">The 2004\u00a0follow-up to the 1993 classic\u00a0<a href=\"https:\/\/greylarsen.com\/shop\/product\/the-orange-tree-cds\/\" target=\"_blank\" rel=\"noopener noreferrer\">The Orange Tree<\/a>.\u00a0Both recordings are available as\u00a0a <a href=\"https:\/\/greylarsen.com\/shop\/?post_type=product&amp;p=3296\" target=\"_blank\" rel=\"noopener noreferrer\">discounted bundle<\/a>.<\/span><\/p>\n<p><span style=\"color: #000080;\">More fresh and highly original song and instrumental arrangements integrating traditional Irish and French Canadian music, with six original pieces by both artists. Irish flute, tin whistles, concertina, fiddle, piano, guitar, foot percussion, harmonium, field organ. Lilting and vocals in French.<\/span><\/p>\n","protected":false},"excerpt":{"rendered":"<h3><span style=\"color: #800000;\"><strong>Choose physical or digital CDs<\/strong><\/span><\/h3>\n<h3><span style=\"color: #800000;\"><strong>Song downloads and album description below<\/strong><\/span><\/h3>\n","protected":false},"featured_media":2454,"comment_status":"open","ping_status":"closed","template":"","meta":{"jetpack_post_was_ever_published":false,"jetpack_publicize_message":"","jetpack_publicize_feature_enabled":true,"jetpack_social_post_already_shared":true,"jetpack_social_options":{"image_generator_settings":{"template":"highway","default_image_id":0,"font":"","enabled":false},"version":2}},"product_brand":[],"product_cat":[29],"product_tag":[],"class_list":{"0":"post-4094","1":"product","2":"type-product","3":"status-publish","4":"has-post-thumbnail","6":"product_cat-grey-larsen-with-andre-marchand","7":"product_shipping_class-media","9":"first","10":"instock","11":"taxable","12":"shipping-taxable","13":"purchasable","14":"product-type-variable"},"jetpack_publicize_connections":[],"jetpack_sharing_enabled":true,"_links":{"self":[{"href":"https:\/\/greylarsen.com\/shop\/wp-json\/wp\/v2\/product\/4094","targetHints":{"allow":["GET"]}}],"collection":[{"href":"https:\/\/greylarsen.com\/shop\/wp-json\/wp\/v2\/product"}],"about":[{"href":"https:\/\/greylarsen.com\/shop\/wp-json\/wp\/v2\/types\/product"}],"replies":[{"embeddable":true,"href":"https:\/\/greylarsen.com\/shop\/wp-json\/wp\/v2\/comments?post=4094"}],"wp:featuredmedia":[{"embeddable":true,"href":"https:\/\/greylarsen.com\/shop\/wp-json\/wp\/v2\/media\/2454"}],"wp:attachment":[{"href":"https:\/\/greylarsen.com\/shop\/wp-json\/wp\/v2\/media?parent=4094"}],"wp:term":[{"taxonomy":"product_brand","embeddable":true,"href":"https:\/\/greylarsen.com\/shop\/wp-json\/wp\/v2\/product_brand?post=4094"},{"taxonomy":"product_cat","embeddable":true,"href":"https:\/\/greylarsen.com\/shop\/wp-json\/wp\/v2\/product_cat?post=4094"},{"taxonomy":"product_tag","embeddable":true,"href":"https:\/\/greylarsen.com\/shop\/wp-json\/wp\/v2\/product_tag?post=4094"}],"curies":[{"name":"wp","href":"https:\/\/api.w.org\/{rel}","templated":true}]}}