{"id":4099,"date":"2018-02-11T12:25:42","date_gmt":"2018-02-11T17:25:42","guid":{"rendered":"https:\/\/greylarsen.com\/shop\/?post_type=product&#038;p=4099"},"modified":"2020-08-28T21:35:50","modified_gmt":"2020-08-29T01:35:50","slug":"the-green-house-cds","status":"publish","type":"product","link":"https:\/\/greylarsen.com\/shop\/product\/the-green-house-cds\/","title":{"rendered":"The Green House  &#8211; CDs"},"content":{"rendered":"<p><a href='https:\/\/greylarsen.com\/media\/lib\/samples\/greenhouse\/Lady-on-the-Island-Humours-of-Lisadel-Monaghan-Twig.mp3' class='klaudio'>1. Lady on the Island\/The Humours of Lisadel\/The Monaghan Twig<\/a> &#8211; <a href=\"https:\/\/greylarsen.com\/shop\/product\/lady-on-the-islandthe-humours-of-lisadelthe-monaghan-twig\/\" target=\"_blank\" rel=\"noopener noreferrer\"><span style=\"color: #808000;\">Buy song<\/span><\/a><br \/>\n<a href='https:\/\/greylarsen.com\/media\/lib\/samples\/greenhouse\/Thrush-in-the-Straw-Banks-of-Lough-Gowna.mp3' class='klaudio'>2. The Thrush in the Straw\/The Banks of Lough Gowna<\/a> &#8211; <a href=\"https:\/\/greylarsen.com\/shop\/product\/the-thrush-in-the-strawthe-banks-of-lough-gowna\/\" target=\"_blank\" rel=\"noopener noreferrer\"><span style=\"color: #808000;\">Buy song<\/span><\/a><br \/>\n<a href='https:\/\/greylarsen.com\/media\/lib\/samples\/greenhouse\/Cuckoos-Nest-Fitzgeralds-Hornpipe-Indian-on-the-Rock.mp3' class='klaudio'>3. The Cuckoo&#8217;s Nest\/Fitzgerald&#8217;s Hornpipe\/The Indian on the Rock<\/a> &#8211; <a href=\"https:\/\/greylarsen.com\/shop\/product\/the-cuckoos-nestfitzgeralds-hornpipethe-indian-on-the-rock\/\" target=\"_blank\" rel=\"noopener noreferrer\"><span style=\"color: #808000;\">Buy song<\/span><\/a><br \/>\n<a href='https:\/\/greylarsen.com\/media\/lib\/samples\/greenhouse\/Wind-that-Shakes-the-Barley-Dusk-Among-the-Willows.mp3' class='klaudio'>4. The Wind that Shakes the Barley\/Dusk Among the Willows<\/a> &#8211; <span style=\"color: #808000;\"><a style=\"color: #808000;\" href=\"https:\/\/greylarsen.com\/shop\/product\/the-wind-that-shakes-the-barleydusk-among-the-willows\/\" target=\"_blank\" rel=\"noopener noreferrer\">Buy song<\/a><\/span><br \/>\n<a href='https:\/\/greylarsen.com\/media\/lib\/samples\/greenhouse\/Lord-Mayo-An-Cuisin-Ban.mp3' class='klaudio'>5. Lord Mayo\/An C\u00fais\u00edn B\u00e1n (The White Cushion)<\/a> &#8211; <a href=\"https:\/\/greylarsen.com\/shop\/product\/lord-mayoan-cuisin-ban-the-white-cushion\/\" target=\"_blank\" rel=\"noopener noreferrer\"><span style=\"color: #808000;\">Buy song<\/span><\/a><br \/>\n<a href='https:\/\/greylarsen.com\/media\/lib\/samples\/greenhouse\/Comb-Your-Hair-and-Curl-It-Whinney-Hills-of-Leitrim.mp3' class='klaudio'>6. Comb Your Hair and Curl It\/The Whinney Hills of Leitrim\/A Fig for a Kiss<\/a> &#8211; <a href=\"https:\/\/greylarsen.com\/shop\/product\/comb-your-hair-and-curl-itthe-whinney-hills-of-leitrima-fig-for-a-kiss\/\" target=\"_blank\" rel=\"noopener noreferrer\"><span style=\"color: #808000;\">Buy song<\/span><\/a><br \/>\n<a href='https:\/\/greylarsen.com\/media\/lib\/samples\/greenhouse\/OCarolans-Draught.mp3' class='klaudio'>7. O&#8217;Carolan&#8217;s Draught<\/a> &#8211; <a href=\"https:\/\/greylarsen.com\/shop\/product\/ocarolans-draught\/\" target=\"_blank\" rel=\"noopener noreferrer\"><span style=\"color: #808000;\">Buy song<\/span><\/a><br \/>\n<a href='https:\/\/greylarsen.com\/media\/lib\/samples\/greenhouse\/Very-Kind-and-Gracious.mp3' class='klaudio'>8. Very Kind and Gracious<\/a> &#8211; <a href=\"https:\/\/greylarsen.com\/shop\/product\/very-kind-and-gracious\/\" target=\"_blank\" rel=\"noopener noreferrer\"><span style=\"color: #808000;\">Buy song<\/span><\/a><br \/>\n<a href='https:\/\/greylarsen.com\/media\/lib\/samples\/greenhouse\/Walls-of-Liscarroll-Maguires-Kick-Lark-on-the-Strand.mp3' class='klaudio'>9. The Walls of Liscarroll\/Maguire&#8217;s Kick\/The Lark on the Strand<\/a> &#8211; <a href=\"https:\/\/greylarsen.com\/shop\/product\/the-walls-of-liscarrollmaguires-kickthe-lark-on-the-strand\/\" target=\"_blank\" rel=\"noopener noreferrer\"><span style=\"color: #808000;\">Buy song<\/span><\/a><br \/>\n<a href='https:\/\/greylarsen.com\/media\/lib\/samples\/greenhouse\/Old-Tipperary-Garret-Barrys-Tom-Greyhans-Jig.mp3' class='klaudio'>10. Old Tipperary\/Garret Barry&#8217;s\/Tom Greyhan&#8217;s Jig<\/a> &#8211; <a href=\"https:\/\/greylarsen.com\/shop\/product\/old-tipperarygarret-barrystom-greyhans-jig\/\" target=\"_blank\" rel=\"noopener noreferrer\"><span style=\"color: #808000;\">Buy song<\/span><\/a><br \/>\n<a href='https:\/\/greylarsen.com\/media\/lib\/samples\/greenhouse\/Sweet-Iniscara-Morning-Star-Scotch-Mary-Music-in-the-Glen.mp3' class='klaudio'>11. Sweet Iniscara\/The Morning Star\/Scotch Mary\/Music in the Glen<\/a> &#8211; <a href=\"https:\/\/greylarsen.com\/shop\/product\/sweet-iniscarathe-morning-starscotch-marymusic-in-the-glen\/\" target=\"_blank\" rel=\"noopener noreferrer\"><span style=\"color: #808000;\">Buy song<\/span><\/a><br \/>\n<a href='https:\/\/greylarsen.com\/media\/lib\/samples\/greenhouse\/Cabbage-Night.mp3' class='klaudio'>12. Cabbage Night<\/a> &#8211; <a href=\"https:\/\/greylarsen.com\/shop\/product\/cabbage-night\/\" target=\"_blank\" rel=\"noopener noreferrer\"><span style=\"color: #808000;\">Buy song<\/span><\/a><\/p>\n<p><span style=\"color: #000080;\">The debut\u00a0recoding from Grey Larsen &amp; Paddy League. Available for reduced cost as part of a <a href=\"https:\/\/greylarsen.com\/shop\/product\/grey-paddy-cd-bundle-2\/\" target=\"_blank\" rel=\"noopener noreferrer\">CD Bundle<\/a>.<\/span><\/p>\n<p><span style=\"color: #000080;\">Intricate, spirited and innovative arrangements of instrumental traditional Irish music, plus three\u00a0Larsen originals. Irish flute, tin whistles, anglo concertina, guitar, bodhr\u00e1n, harmonium, and field organ. Three bonus tracks of Michael J. Kennedy (1900-1978) playing melodeon and talking about music and his early life in Ireland. Copious liner notes.<\/span><\/p>\n","protected":false},"excerpt":{"rendered":"<h3><span style=\"color: #800000;\"><strong>Choose physical or digital CDs<\/strong><\/span><\/h3>\n<h3><span style=\"color: #800000;\"><strong>Song downloads and album description below<\/strong><\/span><\/h3>\n","protected":false},"featured_media":2472,"comment_status":"open","ping_status":"closed","template":"","meta":{"jetpack_post_was_ever_published":false,"jetpack_publicize_message":"","jetpack_publicize_feature_enabled":true,"jetpack_social_post_already_shared":true,"jetpack_social_options":{"image_generator_settings":{"template":"highway","default_image_id":0,"font":"","enabled":false},"version":2}},"product_brand":[],"product_cat":[30],"product_tag":[],"class_list":{"0":"post-4099","1":"product","2":"type-product","3":"status-publish","4":"has-post-thumbnail","6":"product_cat-grey-larsen-paddy-league","7":"product_shipping_class-media","9":"first","10":"instock","11":"taxable","12":"shipping-taxable","13":"purchasable","14":"product-type-variable"},"jetpack_publicize_connections":[],"jetpack_sharing_enabled":true,"_links":{"self":[{"href":"https:\/\/greylarsen.com\/shop\/wp-json\/wp\/v2\/product\/4099","targetHints":{"allow":["GET"]}}],"collection":[{"href":"https:\/\/greylarsen.com\/shop\/wp-json\/wp\/v2\/product"}],"about":[{"href":"https:\/\/greylarsen.com\/shop\/wp-json\/wp\/v2\/types\/product"}],"replies":[{"embeddable":true,"href":"https:\/\/greylarsen.com\/shop\/wp-json\/wp\/v2\/comments?post=4099"}],"wp:featuredmedia":[{"embeddable":true,"href":"https:\/\/greylarsen.com\/shop\/wp-json\/wp\/v2\/media\/2472"}],"wp:attachment":[{"href":"https:\/\/greylarsen.com\/shop\/wp-json\/wp\/v2\/media?parent=4099"}],"wp:term":[{"taxonomy":"product_brand","embeddable":true,"href":"https:\/\/greylarsen.com\/shop\/wp-json\/wp\/v2\/product_brand?post=4099"},{"taxonomy":"product_cat","embeddable":true,"href":"https:\/\/greylarsen.com\/shop\/wp-json\/wp\/v2\/product_cat?post=4099"},{"taxonomy":"product_tag","embeddable":true,"href":"https:\/\/greylarsen.com\/shop\/wp-json\/wp\/v2\/product_tag?post=4099"}],"curies":[{"name":"wp","href":"https:\/\/api.w.org\/{rel}","templated":true}]}}