{"id":7664,"date":"2022-02-16T10:11:01","date_gmt":"2022-02-16T15:11:01","guid":{"rendered":"https:\/\/greylarsen.com\/shop\/?post_type=product&#038;p=7664"},"modified":"2022-02-18T16:58:24","modified_gmt":"2022-02-18T21:58:24","slug":"easy-favorites-notated-in-suit-code","status":"publish","type":"product","link":"https:\/\/greylarsen.com\/shop\/product\/easy-favorites-notated-in-suit-code\/","title":{"rendered":"Easy Favorites Notated in Suit Code"},"content":{"rendered":"<p>This collection of folk, popular and classical songs and tunes, arranged for tin whistle in D or standard Irish flute (including three duets), is a supplement to Grey Larsen&#8217;s book, <a href=\"https:\/\/greylarsen.com\/shop\/product\/easy-favorites-for-tin-whistle-or-irish-flute-physical-book\/\" target=\"_blank\" rel=\"noopener\">Easy Favorites for Tin Whistle or Irish Flute<\/a>.<\/p>\n<div class=\"page\" title=\"Page 2\">\n<div class=\"section\">\n<div class=\"layoutArea\">\n<div class=\"column\">\n<p>The music in that book is presented in standard music notation as well as tablature notation. This eBook provides that same music notated in <a href=\"https:\/\/greylarsen.com\/FreeDownloads\/Suit_Code_Explanation.pdf\" target=\"_blank\" rel=\"noopener noreferrer\">Suit Code<\/a>, a graphic fingering shorthand, as\u00a0well as in standard music notation.<\/p>\n<div class=\"page\" title=\"Page 1\">\n<div class=\"section\">\n<div class=\"layoutArea\">\n<div class=\"column\">\n<p><a href=\"https:\/\/greylarsen.com\/FreeDownloads\/Suit_Code_Explanation.pdf\" target=\"_blank\" rel=\"noopener noreferrer\">Suit Code<\/a>\u00a0is a graphic shorthand which\u00a0uses the four suit symbols in the deck of playing cards, plus an open circle, to represent the five fingering patterns used for the primary notes of the tin whistle (also known as a pennywhistle) and keyless Irish flute. This notation system is particularly useful for those who are not fluent in reading music notation.<\/p>\n<\/div>\n<\/div>\n<\/div>\n<\/div>\n<\/div>\n<\/div>\n<\/div>\n<\/div>\n<p>On the recordings that come with this eBook, Cindy Kallet plays guitar accompaniment while Grey Larsen plays piano as well as and a <a href=\"https:\/\/greylarsen.com\/shop\/product-category\/pennywhistles\/carbony-pennywhistles\/\" target=\"_blank\" rel=\"noopener noreferrer\">Session Whistle in D from Carbony Celtic Winds<\/a>\u00a0or an Irish flute. <strong>The chords you hear on the recordings are provided in the eBook.<\/strong><\/p>\n<p>The audio recordings that come with this eBook are identical to those that come with <a href=\"https:\/\/greylarsen.com\/shop\/product\/easy-favorites-for-tin-whistle-or-irish-flute-physical-book\/\" target=\"_blank\" rel=\"noopener\">Easy Favorites for Tin Whistle or Irish Flute<\/a>. If you already have that book, you might decide to not download the audio that comes with this eBook.<\/p>\n<p>Here you may listen to six examples of the audio included with this eBook:<\/p>\n<ul>\n<li><a href='https:\/\/greylarsen.com\/media\/lib\/samples\/easyfavorites\/Down_by_the_Riverside_Tin_Whistle_with_Accomp.mp3' class='klaudio'>Down By the Riverside &#8211; tin whistle with accompaniment<\/a><\/li>\n<li><a href='https:\/\/greylarsen.com\/media\/lib\/samples\/easyfavorites\/All_Through_the_Night_Irish_Flute_with_Accomp.mp3' class='klaudio'>All Through the Night &#8211; Irish flute with accompaniment<\/a><\/li>\n<li><a href='https:\/\/greylarsen.com\/media\/lib\/samples\/easyfavorites\/La_Cucaracha_Tin_Whistle_with_Accomp.mp3' class='klaudio'>La Cucaracha &#8211; tin whistle with accompaniment<\/a><\/li>\n<li><a href='https:\/\/greylarsen.com\/media\/lib\/samples\/easyfavorites\/Aloha_Oe_Irish_Flute_with_Accomp.mp3' class='klaudio'>Aloha Oe &#8211; Irish flute with accompaniment<\/a><\/li>\n<li><a href='https:\/\/greylarsen.com\/media\/lib\/samples\/easyfavorites\/De_Colores_Irish_Flute_Duet_with_Accomp.mp3' class='klaudio'>De Colores &#8211; Irish flute duet with accompaniment<\/a><\/li>\n<li><a href='https:\/\/greylarsen.com\/media\/lib\/samples\/easyfavorites\/This_Little_Light_Tin_Whistle_Duet_with_Accomp.mp3' class='klaudio'>This Little Light of Mine &#8211; tin whistle duet with accompaniment<\/a><\/li>\n<\/ul>\n<p>The eBook component is a 54-page PDF file.<\/p>\n<p>You might also enjoy some\u00a0<a href=\"https:\/\/greylarsen.com\/ef\" target=\"_blank\" rel=\"noopener noreferrer\">free downloads<\/a>\u00a0related to <a href=\"https:\/\/greylarsen.com\/shop\/product\/easy-favorites-for-tin-whistle-or-irish-flute-physical-book\/\" target=\"_blank\" rel=\"noopener\">Easy Favorites for Tin Whistle or Irish Flute<\/a>.<\/p>\n<p>These song and tune arrangements are easy to play on tin whistle or Irish flute because:<\/p>\n<ul>\n<li>They are played in the lower two octaves of the whistle and flute\u2019s range, ascending no higher than B in the second octave. (Notes above this can be challenging to play on the whistle, and they sound too loud and shrill to many people.)<\/li>\n<li>They are in easy whistle and flute keys: D major, G major, E minor or B minor.<\/li>\n<li>They use only the eight primary notes of the D whistle and Irish flute: D, E, F-sharp, G, A, B, C and C-sharp. No half-holing required.<\/li>\n<\/ul>\n<hr \/>\n<p class=\"p1\"><em>The Music<\/em><br \/>\n1. This Little Light of Mine<br \/>\n2. Shenandoah<br \/>\n3. When Johnny Comes Marching Home<br \/>\n4. Swing Low, Sweet Chariot<br \/>\n5. Waltzing Matilda<br \/>\n6. Cielito Lindo<br \/>\n7. The Banana Boat Song (Day-O)<br \/>\n8. All Through the Night<br \/>\n9. Tumbalalaika<br \/>\n10. Minuet in G from <i>The Notebook for Anna Magdalena Bach<br \/>\n<\/i>11. De Colores<br \/>\n12. Alouette<br \/>\n13. Aloha \u2018Oe<br \/>\n14. The Parting Glass<br \/>\n15. Down in the River to Pray<br \/>\n16. Keep Your Eyes on the Prize<br \/>\n17. Nkosi Sikelel\u2019 iAfrika (God Bless Africa)<br \/>\n18. La Bamba<br \/>\n19. Santa Lucia<br \/>\n20. Shalom Chaverim<br \/>\n21. Down by the Riverside (Study War No More)<br \/>\n22. \u1e6cal<span class=\"s1\">\u02bf<\/span>at Y\u0101 Ma\u1e25al\u0101 N\u016brh\u0101 (It Rose Up, What a Beautiful Light)<br \/>\n23. The Foggy Dew<br \/>\n24. Wayfaring Stranger<br \/>\n25. Gayowajineh (Seneca Canoe Song)<br \/>\n26. Wiegenlied (Brahms\u2019 Lullaby)<br \/>\n27. The Dreidel Song<br \/>\n28. Sakura (Cherry Blossoms)<br \/>\n29. When the Saints Go Marching In<br \/>\n30. La Cucaracha<br \/>\n31. Happy Birthday<br \/>\n32. Wedding March from <i>A Midsummer Night\u2019s Dream<br \/>\n<\/i>33. O Hanukkah<br \/>\n34. Auld Lang Syne<\/p>\n<p class=\"p4\"><em>Duets for Tin Whistles or Irish Flutes<\/em><br \/>\nThis Little Light of Mine<br \/>\nDe Colores<br \/>\nWhen Johnny Comes Marching Home<\/p>\n","protected":false},"excerpt":{"rendered":"<h4><span style=\"color: #000080;\">A supplement to the book<\/span> <a href=\"https:\/\/greylarsen.com\/shop\/product\/easy-favorites-for-tin-whistle-or-irish-flute-physical-book\/\" target=\"_blank\" rel=\"noopener\">Easy Favorites for Tin Whistle or Irish Flute<\/a><\/h4>\n<h4><strong><span style=\"color: #800000;\">eBook with Audio Recordings<\/span><\/strong><\/h4>\n<p><span style=\"color: #800000;\"><b>Downloadable PDF File with MP3s<\/b><\/span><\/p>\n","protected":false},"featured_media":7665,"comment_status":"closed","ping_status":"closed","template":"","meta":{"jetpack_post_was_ever_published":false,"jetpack_publicize_message":"","jetpack_publicize_feature_enabled":true,"jetpack_social_post_already_shared":true,"jetpack_social_options":{"image_generator_settings":{"template":"highway","default_image_id":0,"font":"","enabled":false},"version":2}},"product_brand":[],"product_cat":[15,183],"product_tag":[256,255,259,260,230,250,247,246,221,220,219,242,218,217,265,264],"class_list":{"0":"post-7664","1":"product","2":"type-product","3":"status-publish","4":"has-post-thumbnail","6":"product_cat-book-supplements","7":"product_cat-ebooks","8":"product_tag-duet","9":"product_tag-easy","10":"product_tag-easy-favorite","11":"product_tag-favorite","12":"product_tag-feadog","13":"product_tag-flute","14":"product_tag-guitar","15":"product_tag-guitar-chord","16":"product_tag-irish-flute","17":"product_tag-penny-whistle","18":"product_tag-pennywhistle","19":"product_tag-suit-code","20":"product_tag-tin-whistle","21":"product_tag-whistle","22":"product_tag-whistle-blower","23":"product_tag-whistleblower","25":"first","26":"instock","27":"downloadable","28":"virtual","29":"taxable","30":"purchasable","31":"product-type-simple"},"jetpack_publicize_connections":[],"jetpack_sharing_enabled":true,"_links":{"self":[{"href":"https:\/\/greylarsen.com\/shop\/wp-json\/wp\/v2\/product\/7664","targetHints":{"allow":["GET"]}}],"collection":[{"href":"https:\/\/greylarsen.com\/shop\/wp-json\/wp\/v2\/product"}],"about":[{"href":"https:\/\/greylarsen.com\/shop\/wp-json\/wp\/v2\/types\/product"}],"replies":[{"embeddable":true,"href":"https:\/\/greylarsen.com\/shop\/wp-json\/wp\/v2\/comments?post=7664"}],"wp:featuredmedia":[{"embeddable":true,"href":"https:\/\/greylarsen.com\/shop\/wp-json\/wp\/v2\/media\/7665"}],"wp:attachment":[{"href":"https:\/\/greylarsen.com\/shop\/wp-json\/wp\/v2\/media?parent=7664"}],"wp:term":[{"taxonomy":"product_brand","embeddable":true,"href":"https:\/\/greylarsen.com\/shop\/wp-json\/wp\/v2\/product_brand?post=7664"},{"taxonomy":"product_cat","embeddable":true,"href":"https:\/\/greylarsen.com\/shop\/wp-json\/wp\/v2\/product_cat?post=7664"},{"taxonomy":"product_tag","embeddable":true,"href":"https:\/\/greylarsen.com\/shop\/wp-json\/wp\/v2\/product_tag?post=7664"}],"curies":[{"name":"wp","href":"https:\/\/api.w.org\/{rel}","templated":true}]}}